umber?
True
Let p(h) = 3*h**2 + 6 - 3 - 4*h - 2*h**2. Let g be p(4). Suppose g*u + k = -3*k + 13, 0 = -2*u - 2*k + 12. Is u composite?
False
Suppose 5*r + 604 = -16. Let o be 1/(-1) - -1 - 71. Let z = o - r. Is z a composite number?
False
Suppose 0 = 4*d + 2*o - 1530, 0 = d - 3*o + 8*o - 396. Is d prime?
False
Let s = 3705 - 1912. Is s a prime number?
False
Let x(l) = -l**3 - 10*l**2 - 8*l + 5. Let a be x(-9). Is 634/(1 - a/4) a composite number?
False
Suppose 461 = -x + 3*b, -2*x = -b + 4*b + 913. Is -4*(-1 - x/(-8)) a composite number?
False
Let k be 2/10 - 336/(-20). Suppose -5*w = t + k, 5*w = 4*t + w - 28. Suppose -145 = -5*b - 5*g, 2*b + 0*b + t*g = 56. Is b a composite number?
False
Let b be (-70)/1 + (6 - 7). Let h = -36 - b. Is h a prime number?
False
Let u(l) = l**3 - 6*l**2 - 14*l - 4. Is u(11) prime?
False
Let j be -1 - -1*6/2. Suppose 112 = j*o + 38. Is o prime?
True
Let l = -21 - -22. Let g(q) = 446*q - 1. Is g(l) a composite number?
True
Let g(x) = 8 + 2 - 3 - 2*x + 1. Is g(-7) a prime number?
False
Let w = -1 + 1. Suppose 2*n - 2 + 8 = w. Let j(q) = -3*q**3 - 2*q. Is j(n) prime?
False
Let q = 256 + -159. Is q composite?
False
Suppose 0 = c + 2 - 4. Let q be 30/12 - c/4. Is 1 - -6 - (0 - q) prime?
False
Let t = -568 - -885. Is t composite?
False
Let m = -2642 - -4753. Is m composite?
False
Suppose 5*z = m + 44 + 31, 5 = m. Is (56/6)/(z/24) a composite number?
True
Suppose 0 = 2*q + 3*q + 5*l - 8785, 0 = -5*q - 2*l + 8791. Is q a prime number?
True
Is (-3 + 1)/(3/(-249)) a composite number?
True
Suppose -2 = 5*s + 4*m, -5*s + m - 2*m = -7. Suppose -2*y - l = -1270 - 681, -s*l - 1936 = -2*y. Is y a composite number?
True
Let q(d) = 4*d**2 + 8*d - 1. Let s(g) = -g**2. Let n(z) = -q(z) - 3*s(z). Let m be n(-4). Suppose k - 36 - m = 0. Is k a prime number?
True
Let j(f) = -177*f + 10. Is j(-3) a composite number?
False
Suppose 16*t + 6148 = 20*t. Is t a prime number?
False
Suppose 5*x + 10 = 0, 2*q + 4*x = 3*q - 1269. Is q a composite number?
True
Suppose -9 = 2*r + 5*w, 2*r - 4*w + w - 15 = 0. Suppose -r*p + p = -72. Suppose 2*j - p = 118. Is j a prime number?
False
Suppose -5*u + 72 + 113 = 0. Is u composite?
False
Let o(j) = 3*j**2 + 6*j + 5. Let w(c) = -c - 5. Let r be w(-5). Let k(a) = a - 6. Let g be k(r). Is o(g) prime?
False
Suppose 9*y - y = 21944. Is y composite?
True
Let p be (-1 - 0)*2 - -99. Let o = p - -94. Is o prime?
True
Is (5 - -999)*1/4 a composite number?
False
Suppose 0*j + 4*j = 1368. Let f = j + -143. Is f composite?
False
Let j(o) = o**3 + 7*o**2 - 9*o - 3. Is j(-6) a prime number?
False
Suppose 0 = k - 18 + 3. Suppose -2*h + k = -35. Is h prime?
False
Let m be 2/2 - 1*16. Is (0 - 669/m)*5 a composite number?
False
Suppose 4*x - 251 = 1377. Is x a composite number?
True
Let d(r) = 9*r - 5. Suppose -2*z = 4*k + 3*z - 77, -47 = -4*k + z. Suppose -1 = -2*w + k. Is d(w) prime?
False
Suppose -f - 3 = -2, 5 = 2*t + 5*f. Suppose -t*u + 123 = -492. Is u prime?
False
Let m be 3 - 10/(-2)*-42. Let x = m + 352. Is x prime?
False
Let w(m) = m + 12. Let p be w(-9). Suppose -4*q + 4*g + 96 = 0, 2*q - 89 = -2*q - p*g. Is q prime?
True
Is 103*((-9)/(-3))/3 composite?
False
Let m be ((-3)/4)/(6/24). Is (-2 - m) + -3 + 37 a prime number?
False
Let w = 6 + -7. Let n(x) = 10*x**2. Is n(w) a prime number?
False
Suppose 3*a = -0*a. Is (110 - a) + (-1 - -2) prime?
False
Let s(l) = -l**3 + 5*l**2 + 8*l + 9. Is s(-7) prime?
True
Let g be (121/2)/((-2)/(-4)). Suppose -4*o + 243 = -g. Is o a composite number?
True
Is (-120 - 2)/(16/(-24)) prime?
False
Let z(v) = v**2 - 4*v + 5. Is z(-6) prime?
False
Let j(m) be the third derivative of 0 + 0*m - 3*m**2 - 1/6*m**3 + 1/10*m**5 + 0*m**4. Is j(4) a composite number?
True
Let m = -76 - -118. Suppose -f + 179 = 5*j - 151, 0 = -j - 5*f + m. Is j a prime number?
True
Suppose 0 = 2*s - 137 - 107. Let c = s + -85. Is c a prime number?
True
Let c = 214 + -72. Suppose -x - 53 = -c. Is x prime?
True
Suppose 2*h + 2*b - 11 = 3*b, 0 = h - 5*b - 28. Suppose 0 = -2*x + o + 316, 0*x - 3*x - h*o + 465 = 0. Is x a composite number?
False
Suppose -3*v - v = 0. Suppose y = -5*w + 476, w + v*w - 2*y = 93. Is w prime?
False
Let d(s) = -263*s - 46. Is d(-9) a composite number?
True
Let d(h) = -h**3 - 4*h**2 - 1. Is d(-7) a prime number?
False
Let c = 7 + -5. Suppose 0 = 3*z + c*z - 1265. Is z a composite number?
True
Let t(l) = 3 + 5*l + 8*l - 3*l + 7*l**2. Let q be t(-7). Suppose -x = 3*x - q. Is x a composite number?
True
Let d = -1521 + 2986. Is d prime?
False
Suppose n = 7*n - 8406. Is n a composite number?
True
Let p be ((-4)/2)/((-2)/13). Let g be (0 - 3) + 6/6. Let n = p + g. Is n a composite number?
False
Let w(j) = 20*j**2 + 9*j + 12. Is w(5) a prime number?
True
Let v be ((-9)/12)/(1/4). Let r = v + 7. Is (r + 2)*(-14)/(-6) composite?
True
Let m(w) = -31*w**3 - 5*w**2 - 9*w - 2. Is m(-5) prime?
True
Let l be 3/6*(-2 - -2). Suppose -3*r - d + 90 = l, 0 = r - d - 23 - 11. Is r a prime number?
True
Suppose 1 + 11 = 4*c. Is ((-2)/c)/(6/(-279)) a composite number?
False
Suppose -4*m = -0*m - 12. Suppose -m*p = -8*p + 10. Suppose p*k - 28 = -5*l, -4*k + 20 + 50 = 3*l. Is k prime?
True
Let c = -103 - -56. Let f = 6 - c. Is f composite?
False
Let c(n) = n**3 + 0*n - 2 + 7*n**2 - 1 + 4*n + 12. Is c(-6) a prime number?
False
Suppose -5*d - 5*i + 9015 = 0, 4*i = -2*d + i + 3610. Is d a prime number?
False
Let c(t) = t**2 + 6*t - 3. Let u be c(-7). Let y be 0 - 6/4*u. Is (22/(-6))/(1/y) composite?
True
Let q = 190 + -333. Let t = q + 232. Is t + 0 - (-8)/4 composite?
True
Let y = 109 - 49. Suppose -3*h + 4*h + 35 = 0. Let x = y + h. Is x a composite number?
True
Is (1/(-1))/(-1*1/67) composite?
False
Let c = -258 + 87. Let y = c - -328. Is y a prime number?
True
Suppose -4*v = -3*v. Suppose 332 = 3*k - v*k - g, 5*k + 3*g - 558 = 0. Is k a composite number?
True
Let c(m) = -394*m**3 + m**2 + m. Is c(-1) composite?
True
Let q = 14 - 12. Suppose 4*n - 921 = -4*a - 321, -445 = -3*n + q*a. Is n a prime number?
True
Let d(u) = -21*u - 4. Is d(-9) prime?
False
Let k(y) be the third derivative of 25*y**4/24 + 13*y**3/6 - 4*y**2. Is k(10) composite?
False
Let f be -17*(-2 + -1 + -10). Is f - (2 + 2 - 6) prime?
True
Let h(n) = 18*n**2 - 12*n + 7. Is h(5) prime?
True
Let w = 7 - 2. Suppose 4*m + 2 = 3*b + 38, m + w*b = 9. Is 62/(-6)*m/(-3) a prime number?
True
Suppose -880 = -3*h + 257. Is h a prime number?
True
Let o be ((-6)/(-4))/((-6)/(-16)). Suppose 5*u - 283 = -o*j, -4*u - 510 = -5*j - 105. Is j a composite number?
True
Is 1/2 - 230/(-4) prime?
False
Let v(d) = 4*d**2 - 3*d. Let k be 5/((-50)/(-4))*10. Let j be v(k). Is (-1020)/(-39) - 8/j a composite number?
True
Let c(x) be the second derivative of -7*x**3/6 + x. Let o(t) = 6*t - 1. Let l(p) = 2*c(p) + 3*o(p). Is l(6) composite?
True
Suppose 3*g = 7*g - 2*x - 2, -4*g + 4*x - 4 = 0. Let p be (-6)/(-15) + (-12)/5. Is (-19)/p*g*1 composite?
False
Suppose -11 = 5*k + 2*u, 2*k - 10 = 2*u + 2*u. Is 140 + 3 + -3 - k a composite number?
True
Let q(j) = -16*j - 1. Let y be (3 - 2)*(7 + 1). Let p = 6 - y. Is q(p) composite?
False
Let n(o) = o**2 + 11*o + 14. Let w be n(-10). Let c = -1 + w. Let u = c + 10. Is u composite?
False
Suppose -268 = -5*q + 197. Is q prime?
False
Let t be (-1)/(3/(0 - 24)). Let p = -5 + t. Suppose i = p + 7. Is i composite?
True
Suppose 4*l - 6240 = -4*i, 0 = 5*l - 3*i + 4181 - 12021. Is l a composite number?
True
Let t be (-111)/(-9) - (-2)/(-6). Suppose t + 4 = 4*k. Suppose 0 = -k*d - 5*z + 92 + 71, 4*z = d - 67. Is d composite?
False
Let k(u) = 9*u**3 - 11*u**2 - 29*u - 9. Is k(10) a composite number?
True
Let u(q) be the first derivative of -q**2/2 + 33*q + 1. Is u(0) a composite number?
True
Suppose 0 = -2*q + 7*q - 410. Is q a prime number?
False
Let p(x) = -29*x + 5. Let m(i) be the second derivative of 29*i**3/6 - 2*i**2 + 3*i. Let o(u) = -5*m(u) - 4*p(u). Is o(-3) a composite number?
True
Suppose -5 + 14 = 3*f. Let q = f - 5. Is (-38)/(-4)*q*-1 a composite number?
False
Let y be ((-44)/(-10))/(1/(-5)). Let o be 4/y - 390/33. Is (3/(-2))/(o/208) composite?
True
Let u(z) = -z - 5. Let f be u(9). Let c = f - -21. Is c a composite number?
False
Suppose 4*q - 40 - 100 = 0. Is q a composite number?
True
Let o = 2020 + -97. Is o composite?
True